-9) - 55/(-3). Suppose 3*s - 2*m + 46 = -17, 2*s - 3*m = -37. Let p = s + j. Let k(o) = 2*o**2 + 4*o - 5. Give k(p).
11
Let p(i) = i**3 - 4*i**2 + 7*i - 2. Let u be p(3). Suppose -u = -0*r + 2*r. Let o(n) = n - 2. Determine o(r).
-7
Let l(q) = q**2 - 3*q + 2. Let v be l(3). Suppose 3*m - 30 = -v*m. Let w(f) = -3*f**2 + 2*f**2 - m + 5 - 1. Give w(-2).
-6
Let t(j) = -1 + 0 + 1 - 159*j + 162*j - 1 + j**2. Let n = 3 - 5. Give t(n).
-3
Suppose -3*y = -4*q - 14, y - 5 + 3 = 0. Let v be 2*-2*(-1)/q - 2. Let n(r) = -4*r - 2. Give n(v).
14
Let u = 57 - 57. Let q(r) = -6 + 4 + 4 + u + r. What is q(3)?
5
Suppose -1 = 3*q - p, q - p = 5*q - 1. Let x(u) = 5*u**2 + 6*u - 11. Let v(g) = 4*g**2 + 5*g - 11. Let f(y) = -6*v(y) + 5*x(y). Calculate f(q).
11
Let d(a) be the second derivative of a**6/360 - 3*a**5/40 + a**4/24 + 5*a**3/6 - 18*a. Let q(m) be the second derivative of d(m). What is q(7)?
-13
Let r(x) = x**2 + x. Let i be r(-2). Let w be 8/(-14) + 234/91. Let j(z) = 10*z**i - 7*z**2 - 5*z**2 - w - 3*z. Calculate j(-2).
-4
Let b(m) = -m**3 - 3*m**2 + 2*m - 2. Let c be b(-4). Let w(z) = -2*z + 9. What is w(c)?
-3
Let b(z) = 2*z**3 + 5*z**2 + 39 - 43 - z**3. Give b(-4).
12
Let v(a) be the first derivative of -a**2/2 - a + 91. Calculate v(0).
-1
Let m(c) = -c**2 - 11*c - 13. Let b be m(-9). Suppose 0 = 2*x - b*k - 1, 4*k - 3 - 1 = 0. Let f(t) = t**2 - 2*t - 2. Determine f(x).
1
Let x(b) be the second derivative of b**6/720 - b**5/120 + b**4/2 + 12*b. Let j(y) be the third derivative of x(y). What is j(1)?
0
Let t(k) = k - 2. Let w(n) = n**2 - 8*n - 138. Let g be w(-9). Determine t(g).
13
Let r(v) = 0*v**2 + v**2 + 5 + 9*v + 0. Let u(c) = 2*c**2 + 18*c + 8. Let g be u(-8). Give r(g).
-3
Let t(b) be the first derivative of -b**4/2 - 2*b**3/3 - b**2/2 - b - 1. Let y = -313 + 311. Give t(y).
9
Let n(a) be the first derivative of -a**3/3 - 3*a**2/2 + 4*a - 2. Let t be 6*(-8)/(-12) + -1. What is n(t)?
-14
Let k(g) = g**3 - 3*g**2 + 2*g + 8. Let s(b) = -2*b**3 + 4*b**2 - 3*b - 10. Let x(i) = 4*k(i) + 3*s(i). What is x(2)?
-16
Let r(h) = 1 + 1 - 10*h - 2*h**2 + 14*h + 0 - 8*h. Calculate r(-4).
-14
Let d(a) = -24*a + 4 - 31*a - 2 + 3 + 56*a. Let o(j) be the third derivative of -j**4/12 + j**3 - j**2. Let w be o(5). Give d(w).
1
Let p(v) be the first derivative of 1/3*v**3 + 11/24*v**4 + 1/120*v**5 - 1 + 0*v**2 + 0*v. Let d(y) be the third derivative of p(y). Determine d(0).
11
Let l be 75/(-10)*(-2)/(-15). Let u(w) be the third derivative of 17*w**6/120 + w**5/60 + w**4/12 + w**3/6 + w**2. What is u(l)?
-17
Let n(r) = -35*r**2 + 10*r + 36*r**2 + 3 - 2. Determine n(-9).
-8
Let g(u) = 72 + u - u**2 + 73 - 147. Give g(1).
-2
Let u(o) = -o - 1. Let b be u(5). Let p = 7 - 4. Let v(a) = -2*a - p + 0 + 4*a - 4*a. Determine v(b).
9
Suppose 4*x - 44 = -2*z, z + 2*x - 32 = -2*x. Let b(k) = z*k - 4 + 2*k**3 - 5*k - 7*k**2 + 0*k - k**3. Determine b(6).
2
Let o(k) be the first derivative of 12*k + 1/4*k**4 - 1/2*k**2 + 1 + 0*k**3. Calculate o(0).
12
Let w = 145/57 + -5/114. Let n(z) be the second derivative of w*z**2 + 0 - 3*z + 1/6*z**3. Give n(-6).
-1
Suppose -37*m - 5 = -38*m. Let b(w) be the first derivative of w**3/3 - 3*w**2/2 - 3*w + 1. Give b(m).
7
Let w(y) = -y. Let t = -182 + 182. What is w(t)?
0
Let b(j) be the first derivative of j**3/3 + 5*j**2/2 + 4*j + 5. Let y be b(-1). Let u(t) = -t**2 - t + 14. What is u(y)?
14
Let v(h) = -h**2 - 8*h - 9. Let b be (-2)/(5 + 207/(-45)). What is v(b)?
6
Let r(i) be the first derivative of 2*i**2 - 3*i + 29. Calculate r(3).
9
Let w(y) = 82 - 233 + 74 + 73 - 45*y + 47*y. Let n be (-2)/(-3) - (-26)/6. Calculate w(n).
6
Let u(a) be the third derivative of a**6/20 - a**4/24 - a**3/6 - a**2 - 11*a. Determine u(-1).
-6
Let w = 531 + -496. Let b(r) = -r + 34. Determine b(w).
-1
Let o(d) be the first derivative of -1/12*d**4 + 1/20*d**5 - 7 - 1/2*d**2 + 5*d - 1/3*d**3. Let l(z) be the first derivative of o(z). What is l(2)?
-1
Let k(g) = -g**3 + 15*g + 9. Let l(r) = r**3 + 2*r**2 - 13*r - 9. Let u(q) = 2*k(q) + 3*l(q). Suppose -7 = h - 0. Give u(h).
5
Let k(m) be the second derivative of m**3/6 + m**2 - 3*m. Suppose -12 + 10 = c. Let j be c/7 - 156/42. Give k(j).
-2
Let k(m) = m. Suppose 5*h - 51 = -2*b, -6 = 5*h + 5*b - 66. Suppose 12 + h = 7*n. What is k(n)?
3
Let s(q) be the first derivative of 1/3*q**3 + 3/2*q**2 + 2*q - 23. Determine s(-2).
0
Suppose -7*v + 5*v = -14. Let q(c) = -2*c**3 + 2*c + v*c + 5*c**2 - 2*c + c**3. Give q(6).
6
Let c(o) = -4*o + 3. Suppose -4*y + 18 = -n - 22, y = -2*n + 19. Suppose -7*k - 16 = -y*k. What is c(k)?
-13
Let a(l) = l**2 - 11*l - 10. Let d(p) = -p**3 - 10*p**2 - 17*p + 40. Let h be d(-7). Determine a(h).
2
Let j(y) = -y**2 + 8*y + 13. Suppose 0 = 80*a - 58*a - 198. Calculate j(a).
4
Let q(k) = 9*k**2 + 3*k + 10. Let s(a) = 5*a**2 + 4. Let v(j) = -4*q(j) + 7*s(j). What is v(-12)?
-12
Let r(f) = -2*f**2 + 6*f + 4*f**2 + 6 - 3*f**2. Let b = 2533 - 2527. Determine r(b).
6
Let s(m) be the first derivative of 21 + 1/3*m**3 - 4*m + m**2. Calculate s(-4).
4
Let j be (148/(-2))/((-18 + 6)/6). Let x(u) = -u**3 + j + 3*u**2 - 2*u**2 - 5*u - 33. What is x(3)?
-29
Let p(h) be the first derivative of -h**3/3 - 3*h**2/2 + 2*h + 6. Let l(w) = -3*w + 6. Let i be l(4). Give p(i).
-16
Let h(s) = 6*s - 1. Let z(f) = -f**3 - 7*f**2 - 2*f - 12. Let l be z(-7). Suppose -4*r - 2 = -l*c, -3*r = 4*c - 2*c + 5. Determine h(c).
-7
Let z = 66 - 69. Let o be (z - (2 + -2)) + (3 - -1). Let w(h) = 11*h**3 - h**2 - h + 1. Give w(o).
10
Let c(l) = -3*l**2 + 8*l + 4. Let s(b) = -8*b**2 + 22*b + 12. Let k(z) = -11*c(z) + 4*s(z). Calculate k(3).
13
Let g(f) be the third derivative of -f**6/120 + f**5/60 + f**4/24 - 7*f**3/3 + 83*f**2. What is g(0)?
-14
Let j be 9/(4 + 148/(-40)). Let k be 16/(-20)*j/4. Let p(x) = -8*x**2 - 4*x**3 - 6*x + x**2 - 7 + 3*x**3. What is p(k)?
-7
Let x(b) = b**3 + 6*b**2 - 8*b + 7. Suppose -15*z = -56*z - 287. What is x(z)?
14
Let j(r) = -4*r + 2. Let g(p) = -3*p + 1. Let c(x) = 7*g(x) - 5*j(x). Let u be (-245)/196 - (-22)/(-8). Determine c(u).
1
Let x(i) = i - 1. Let z(r) = 5*r - 6. Let y(g) = -4*x(g) + z(g). Let o(s) = 7*s**3 - 182*s**2 + 3*s - 77. Let a be o(26). Give y(a).
-1
Let t(b) = b**3 + 5*b**2 + 3*b - 4. Let j be t(-4). Suppose j*i = -i + 2*g, -5*i + 5*g + 15 = 0. Let q(k) = -k**3 + 7*k**2 - 3*k - 5. Calculate q(i).
13
Let b(j) = -j**3 + 4*j**2 - 2*j - 3. Let k(p) = p**2 + 7*p - 8. Let m(x) = -8*x**3 + x - 1. Let t be m(1). Let y be k(t). Let r be (-2 + y - -1)*-3. Give b(r).
0
Let r be (0 - 1)*3/(6 + -66). Let k(u) be the second derivative of -r*u**5 + 5/12*u**4 + 3/2*u**2 - 7*u + 0 - 1/6*u**3. Give k(5).
-2
Let p(l) = 1216*l**2 + l + 5*l - 1214*l**2 + 9 - 4*l. What is p(5)?
69
Let c(q) = -2*q**3 + 2*q + 13. Let j(h) = h**3 - h**2 - h - 9. Let w(b) = 2*c(b) + 3*j(b). Calculate w(-2).
-7
Suppose 2*r = 5*r - 15. Suppose 4*s + r = -s. Let u(q) = 29*q - 3 - 1 - q**2 - 28*q + 5 + q**3. Determine u(s).
-2
Let t(s) = -144 + 290*s - 291*s + 92. Give t(0).
-52
Let a(k) = 3*k - 2. Let j(x) = 7*x - 4. Let f(b) = -6*a(b) + 3*j(b). Let z be 4/(-6) - (-14)/3. Determine f(z).
12
Suppose -5*h = -2*y + 6, -h - 5*y = 4*h - 15. Let t = 10 - 10. Let p(w) = w**2 + 7 + 0*w + t*w + w**3 - 2. Determine p(h).
5
Let u = -237 + 241. Let l(c) = 0*c + 0*c + c - 6*c + c**2 + 1. Determine l(u).
-3
Let a(x) = -11*x**2 - x + 2. Let v be a(1). Let c(i) = 2*i + 21. What is c(v)?
1
Let p(h) = -h**3 - 3*h**2 + 5*h + 4. Let a(c) = c**3 + 11*c**2 - 59*c + 17. Let q be a(-15). What is p(q)?
-6
Let y(u) = 7*u**2 - 1 - 236*u - 3 + 238*u + 2 + u**3. Give y(-7).
-16
Let l = -3564 - -3565. Let s(c) = -c**2 + 1. Let y(r) = -r**3 - 4*r**2 + 5. Let k(j) = 4*s(j) - y(j). What is k(l)?
0
Let c(m) be the third derivative of -m**6/360 + m**5/40 + m**4/3 - 4*m**3/3 + 20*m**2. Let g(h) be the first derivative of c(h). Give g(6).
-10
Let v(s) = -5*s**3 - s**2 - 5*s + 26. Let l(p) = -11*p**3 - p**2 - 12*p + 57. Let r(m) = -6*l(m) + 13*v(m). Let u be (-88)/(-14) - 10/35. Calculate r(u).
2
Suppose -3*f + 7 = -5*o - 12, 4*f - o = 14. Let d(k) = -9*k**3 + 4*k + 5*k**3 - 2*k**2 + 5*k**f - 2. What is d(2)?
6
Let r(p) = -9*p**2 + 2*p. Let q(b) = 5*b**2 - b. Let o(d) = -11*q(d) - 6*r(d). Let u(s) = s**3 + 14*s**2 - 2. Let g be u(-14). Calculate o(g).
-2
